{"id":36,"date":"2020-03-12T21:53:35","date_gmt":"2020-03-12T21:53:35","guid":{"rendered":"https:\/\/geocapa.com.mx\/tienda\/?post_type=product&#038;p=36"},"modified":"2020-03-12T21:53:51","modified_gmt":"2020-03-12T21:53:51","slug":"estacion-total-nwi-paquete-nueva","status":"publish","type":"product","link":"https:\/\/geocapa.com\/tienda\/producto\/estacion-total-nwi-paquete-nueva\/","title":{"rendered":"Estacion total NWI paquete nueva"},"content":{"rendered":"<p><strong>Completamente Nueva!<\/strong><\/p>\n<p><img loading=\"lazy\" decoding=\"async\" class=\"alignnone wp-image-38\" src=\"https:\/\/geocapa.com.mx\/tienda\/wp-content\/uploads\/2020\/03\/estacion2-300x208.png\" alt=\"comprar estacion total slp mexico\" width=\"219\" height=\"152\" srcset=\"https:\/\/geocapa.com\/tienda\/wp-content\/uploads\/2020\/03\/estacion2-300x208.png 300w, https:\/\/geocapa.com\/tienda\/wp-content\/uploads\/2020\/03\/estacion2-416x289.png 416w, https:\/\/geocapa.com\/tienda\/wp-content\/uploads\/2020\/03\/estacion2.png 484w\" sizes=\"auto, (max-width: 219px) 100vw, 219px\" \/><\/p>\n<p>Reflector de 2 \u00bb sin estaci\u00f3n total con Bluetooth, puerto USB, ranura para tarjeta SD, doble eje, sensor autom\u00e1tico de temperatura y atmosf\u00e9rico Encoder absoluto mejorado para lecturas m\u00e1s suaves en modos finos. Precisi\u00f3n angular de 2 \u00ab, l\u00e1ser edm para mediciones precisas sin reflector, detecci\u00f3n y correcci\u00f3n autom\u00e1ticas para refracci\u00f3n meteorol\u00f3gica, atmosf\u00e9rica y curvatura de la Tierra, pantalla LCD iluminada de doble lado, Bluetooth incorporado para recopilaci\u00f3n de datos inal\u00e1mbrica (opcional).<\/p>\n<p>2\u00bb reflector estaci\u00f3n total W\/Bluetooth<\/p>\n<p>Puerto USB y ranura para tarjeta SD<\/p>\n<p>Dual AXIS + atmosf\u00e9rica autom\u00e1tico y sensor de temperatura<\/p>\n","protected":false},"excerpt":{"rendered":"<p>Completamente Nueva! Reflector de 2 \u00bb sin estaci\u00f3n total con Bluetooth, puerto USB, ranura para tarjeta SD, doble eje, sensor autom\u00e1tico de temperatura y atmosf\u00e9rico Encoder absoluto mejorado para lecturas m\u00e1s suaves en modos finos. Precisi\u00f3n angular de 2 \u00ab, l\u00e1ser edm para mediciones precisas sin reflector, detecci\u00f3n y correcci\u00f3n autom\u00e1ticas para refracci\u00f3n meteorol\u00f3gica, atmosf\u00e9rica<\/p>\n<div class=\"more-link\">\n\t\t\t\t <a href=\"https:\/\/geocapa.com\/tienda\/producto\/estacion-total-nwi-paquete-nueva\/\" class=\"btn theme-btn\"><span>Leer m\u00e1s <\/span><\/a>\n\t\t\t<\/div>\n","protected":false},"featured_media":37,"comment_status":"open","ping_status":"closed","template":"","meta":[],"product_brand":[],"product_cat":[18],"product_tag":[],"class_list":{"0":"post-36","1":"product","2":"type-product","3":"status-publish","4":"has-post-thumbnail","6":"product_cat-topografia","8":"first","9":"instock","10":"shipping-taxable","11":"purchasable","12":"product-type-simple"},"jetpack_sharing_enabled":true,"_links":{"self":[{"href":"https:\/\/geocapa.com\/tienda\/wp-json\/wp\/v2\/product\/36","targetHints":{"allow":["GET"]}}],"collection":[{"href":"https:\/\/geocapa.com\/tienda\/wp-json\/wp\/v2\/product"}],"about":[{"href":"https:\/\/geocapa.com\/tienda\/wp-json\/wp\/v2\/types\/product"}],"replies":[{"embeddable":true,"href":"https:\/\/geocapa.com\/tienda\/wp-json\/wp\/v2\/comments?post=36"}],"wp:featuredmedia":[{"embeddable":true,"href":"https:\/\/geocapa.com\/tienda\/wp-json\/wp\/v2\/media\/37"}],"wp:attachment":[{"href":"https:\/\/geocapa.com\/tienda\/wp-json\/wp\/v2\/media?parent=36"}],"wp:term":[{"taxonomy":"product_brand","embeddable":true,"href":"https:\/\/geocapa.com\/tienda\/wp-json\/wp\/v2\/product_brand?post=36"},{"taxonomy":"product_cat","embeddable":true,"href":"https:\/\/geocapa.com\/tienda\/wp-json\/wp\/v2\/product_cat?post=36"},{"taxonomy":"product_tag","embeddable":true,"href":"https:\/\/geocapa.com\/tienda\/wp-json\/wp\/v2\/product_tag?post=36"}],"curies":[{"name":"wp","href":"https:\/\/api.w.org\/{rel}","templated":true}]}}