{"id":331,"date":"2022-09-08T02:37:14","date_gmt":"2022-09-08T02:37:14","guid":{"rendered":"https:\/\/geocapa.com.mx\/tienda\/?post_type=product&#038;p=331"},"modified":"2022-09-08T02:37:14","modified_gmt":"2022-09-08T02:37:14","slug":"drone-agricola-parrot-bluegrass-fields","status":"publish","type":"product","link":"https:\/\/geocapa.com\/tienda\/producto\/drone-agricola-parrot-bluegrass-fields\/","title":{"rendered":"DRONE Agr\u00edcola Parrot Bluegrass Fields"},"content":{"rendered":"<div class=\"translate-icons\"><img class=\"from\" \/>-Dron eficiente, resistente y f\u00e1cil de volar<br \/>\n-Exploraci\u00f3n visual y mapeo de cultivos<br \/>\n-Informaci\u00f3n pr\u00e1ctica sobre el terreno<br \/>\n-An\u00e1lisis de cultivos en profundidad<\/div>\n<div class=\"translate-icons\"><img class=\"to\" \/><\/div>\n<div class=\"translate-icons\"><\/div>\n<div class=\"translate-icons\"><strong>MAPA. EXPLORAR. ACTUAR.<\/strong><br \/>\nLa soluci\u00f3n integral de drones para la agricultura<\/p>\n<p>Parrot Bluegrass Fields es una soluci\u00f3n de drones completa y lista para volar que abarca todo el flujo de trabajo de an\u00e1lisis de cultivos. Parrot Bluegrass Fields proporciona a los profesionales de la agricultura los conocimientos que necesitan para maximizar sus rendimientos y mejorar la calidad de sus cultivos.<\/p>\n<p>El Parrot Bluegrass es un quadcopter vers\u00e1til dise\u00f1ado espec\u00edficamente para la agricultura, que ayuda a los agricultores a mejorar el rendimiento de su cultivo en funci\u00f3n de los datos recopilados por las dos c\u00e1maras integradas: la c\u00e1mara de video Full HD y el revolucionario sensor multiespectral Parrot. \u00a1Secoya!<\/p>\n<p>El Parrot Bluegrass es f\u00e1cil de transportar con sus h\u00e9lices extra\u00edbles, f\u00e1cil de volar gracias a su capacidad de vuelo aut\u00f3nomo y f\u00e1cil de reparar.<\/p>\n<p>El paquete Parrot Bluegrass incluye:<\/p>\n<ul>\n<li>1 dron Parrot Bluegrass<\/li>\n<li>1 sensor multiespectral Parrot Sequoia<\/li>\n<li>3 bater\u00edas en total (3 x 25 minutos de tiempo de vuelo)<\/li>\n<li>1 cargador de bater\u00eda<\/li>\n<li>1 mochila<\/li>\n<li>1 Parrot Skycontroller 2<\/li>\n<li>1 cargador de controlador<\/li>\n<li>1 objetivo de calibraci\u00f3n radiom\u00e9trica<\/li>\n<li>4 palas de h\u00e9lice adicionales<\/li>\n<li>1 cable USB-A<\/li>\n<li>Suscripci\u00f3n de un a\u00f1o a la aplicaci\u00f3n m\u00f3vil ParrotFields y al software Pix4Dfields (escritorio y nube)<\/li>\n<\/ul>\n<\/div>\n<div class=\"translate-icons\">\n<strong>DRONE EFICIENTE, ROBUSTO Y ESTE PARA VOLAR<\/strong><br \/>\nParrot Bluegrass Fields es un dron quadcopter robusto y f\u00e1cil de volar dise\u00f1ado para mapeo de cultivos y exploraci\u00f3n a\u00e9rea.<\/p>\n<p>Cubra grandes campos de hasta 65 ha (160 ac) a 122 m (400 pies) o vuele bajo para obtener una mayor resoluci\u00f3n de hasta 0,9 cm \/ px a 10 m (0,35 pulgadas \/ px a 33 pies) &#8211; imagen \u00fanica.<\/p><\/div>\n<div class=\"translate-icons\">\nLa capacidad de despegue y aterrizaje vertical flexible (VTOL) garantiza un funcionamiento eficiente, incluso en \u00e1reas reducidas.<br \/>\nTres bater\u00edas incluidas (tiempo de vuelo de 25 minutos por bater\u00eda) le permiten volar misiones m\u00e1s largas con mayor facilidad y confianza.<br \/>\nReduzca el trabajo en entornos exigentes con la estructura robusta de fibra de carbono de grado profesional de Parrot Bluegrass Field.<br \/>\nEl intuitivo Parrot Skycontroller 2 se adapta a las necesidades de cada piloto.<\/div>\n<div class=\"translate-icons\">\n<strong>SCOUTING VISUAL VERS\u00c1TIL Y MAPEO DE CULTIVOS<\/strong><br \/>\nEquipado con dos sensores multiprop\u00f3sito integrados, Parrot Bluegrass Fields es la soluci\u00f3n de dron profesional perfecta para exploraci\u00f3n visual y mapeo de cultivos.<\/div>\n<div class=\"translate-icons\"><\/div>\n<div class=\"translate-icons\">Un sensor Parrot Sequoia multiespectral l\u00edder en la industria permite un mapeo de cultivos de alta precisi\u00f3n:<br \/>\nCuatro monobandas multiespectrales (rojo, verde, borde rojo, infrarrojo cercano), 1,2 MP, obturador global<br \/>\nGSD multiespectral de 11,5 cm \/ px (4,5 pulgadas \/ px) a 122 m (400 pies) de altura de vuelo (o 2,8 cm \/ px (0,8 pulgadas \/ px) a 30 m \/ 100 pies)<br \/>\nC\u00e1mara frontal RGB de 14 MP para una exploraci\u00f3n en vivo r\u00e1pida y eficaz de \u00e1reas problem\u00e1ticas, incluida la captura de fotos y video con calidad Full HD a 1080p<\/div>\n<div class=\"translate-icons\">\n<strong>INFORMACI\u00d3N ACCIONABLE EN EL CAMPO CON LA APLICACI\u00d3N M\u00d3VIL PARROTFIELDS<\/strong><br \/>\nParrot Bluegrass Fields hace que la cartograf\u00eda y la exploraci\u00f3n sean r\u00e1pidos y sencillos.<\/p>\n<p>Realice vuelos totalmente autom\u00e1ticos o vuele manualmente sobre sus cultivos.<br \/>\nGenere mapas NDVI en tiempo real durante el vuelo.<br \/>\nObtenga los datos que necesita m\u00e1s r\u00e1pido. Compare mapas NDVI para monitorear la evoluci\u00f3n de sus cultivos desde la comodidad de su dispositivo m\u00f3vil.<br \/>\nExplore \u00e1reas de inter\u00e9s a trav\u00e9s de los exclusivos vuelos de exploraci\u00f3n semiautom\u00e1ticos de Parrot Bluegrass Fields.<br \/>\nCapture fotos y videos bajo demanda con Parrot Skycontroller 2<br \/>\nAumente el valor de los datos a\u00e9reos que captura agregando anotaciones de texto dentro de la aplicaci\u00f3n y desde el suelo con el beneficio adicional de tomar fotograf\u00edas etiquetadas con GPS.<\/p><\/div>\n<div class=\"translate-icons\">\n<strong>AN\u00c1LISIS DE CULTIVOS EN PROFUNDIDAD CON PIX4DFIELDS<\/strong><br \/>\nParrot Bluegrass Fields lo ayuda a tomar decisiones m\u00e1s inteligentes con un mayor an\u00e1lisis al brindar acceso completo al software de mapeo de drones Pix4DFields para la agricultura.<\/p>\n<p>Identifique la variabilidad en el campo m\u00e1s r\u00e1pido con el nuevo motor de procesamiento instant\u00e1neo (procese 50 ha \/ 123 ac en 1.5 minutos)<br \/>\nGenere mapas de \u00edndices predefinidos o personalizados para un an\u00e1lisis detallado del rendimiento de los cultivos<br \/>\nVisualice y comprenda las tendencias de los cultivos comparando diferentes capas de datos una al lado de la otra<br \/>\nCree mapas completos de zonificaci\u00f3n y prescripci\u00f3n para aplicaciones de fertilizantes m\u00e1s precisas<br \/>\nImporte o dibuje los l\u00edmites del campo y anote las \u00ab\u00e1reas de enfoque\u00bb de los cultivos para una inspecci\u00f3n m\u00e1s profunda<br \/>\nExporte mapas de prescripci\u00f3n a su tractor o sistema de informaci\u00f3n de gesti\u00f3n agr\u00edcola para una integraci\u00f3n perfecta en los flujos de trabajo agr\u00edcolas existentes<\/p><\/div>\n","protected":false},"excerpt":{"rendered":"<p>Drone para agricultura Bluegrass Fields de Parrot ideal para analisis de cultivos.<\/p>\n","protected":false},"featured_media":342,"comment_status":"open","ping_status":"closed","template":"","meta":[],"product_brand":[],"product_cat":[17],"product_tag":[43,30,42],"class_list":{"0":"post-331","1":"product","2":"type-product","3":"status-publish","4":"has-post-thumbnail","6":"product_cat-drones","7":"product_tag-agricultura","8":"product_tag-dron","9":"product_tag-dron-agricola","11":"first","12":"instock","13":"shipping-taxable","14":"purchasable","15":"product-type-simple"},"jetpack_sharing_enabled":true,"_links":{"self":[{"href":"https:\/\/geocapa.com\/tienda\/wp-json\/wp\/v2\/product\/331","targetHints":{"allow":["GET"]}}],"collection":[{"href":"https:\/\/geocapa.com\/tienda\/wp-json\/wp\/v2\/product"}],"about":[{"href":"https:\/\/geocapa.com\/tienda\/wp-json\/wp\/v2\/types\/product"}],"replies":[{"embeddable":true,"href":"https:\/\/geocapa.com\/tienda\/wp-json\/wp\/v2\/comments?post=331"}],"wp:featuredmedia":[{"embeddable":true,"href":"https:\/\/geocapa.com\/tienda\/wp-json\/wp\/v2\/media\/342"}],"wp:attachment":[{"href":"https:\/\/geocapa.com\/tienda\/wp-json\/wp\/v2\/media?parent=331"}],"wp:term":[{"taxonomy":"product_brand","embeddable":true,"href":"https:\/\/geocapa.com\/tienda\/wp-json\/wp\/v2\/product_brand?post=331"},{"taxonomy":"product_cat","embeddable":true,"href":"https:\/\/geocapa.com\/tienda\/wp-json\/wp\/v2\/product_cat?post=331"},{"taxonomy":"product_tag","embeddable":true,"href":"https:\/\/geocapa.com\/tienda\/wp-json\/wp\/v2\/product_tag?post=331"}],"curies":[{"name":"wp","href":"https:\/\/api.w.org\/{rel}","templated":true}]}}