{"id":330,"date":"2022-09-08T02:35:35","date_gmt":"2022-09-08T02:35:35","guid":{"rendered":"https:\/\/geocapa.com.mx\/tienda\/?post_type=product&#038;p=330"},"modified":"2022-09-08T02:35:35","modified_gmt":"2022-09-08T02:35:35","slug":"drone-parrot-anafi-fpv","status":"publish","type":"product","link":"https:\/\/geocapa.com\/tienda\/producto\/drone-parrot-anafi-fpv\/","title":{"rendered":"Drone Parrot ANAFI FPV"},"content":{"rendered":"<div class=\"translate-icons\">El video en vivo de la c\u00e1mara de 180 grados de ANAFI produce una inmersi\u00f3n emocionante en las gafas de la cabina<br \/>\nLos modos FPV \u00fanicos para fot\u00f3grafos a\u00e9reos combinan inmersi\u00f3n total con un control sin precedentes<br \/>\nLos nuevos modos y ajustes preestablecidos de vuelo ofrecen im\u00e1genes asombrosas, libertad creativa y diversi\u00f3n sin parar<br \/>\nINMERSI\u00d3N + LIBERTAD: UNA NUEVA \u00abVISTA DE P\u00c1JARO\u00bb<br \/>\nANAFI FPV est\u00e1 dise\u00f1ado para exploradores pero tambi\u00e9n para so\u00f1adores. La experiencia de la c\u00e1mara es un nuevo paradigma para los fot\u00f3grafos a\u00e9reos y vide\u00f3grafos, que proporciona un \u201ccapullo\u201d \u00fanico para la fotograf\u00eda inmersiva y controles de imagen en profundidad. La gama completa de configuraciones manuales de la c\u00e1mara de ANAFI est\u00e1 disponible en el modo FPV: sensaciones completas garantizadas.<\/p>\n<p>DISPARA A LAS ESTRELLAS CON ESTA NUEVA EXPERIENCIA EN LA C\u00c1MARA<br \/>\nLos fot\u00f3grafos pueden disfrutar de una inmersi\u00f3n total en la imagen en pantalla, explorar nuevas t\u00e9cnicas para la composici\u00f3n de tomas y luego alternar sin problemas a controles de imagen profundos para ajustar fotos y videos. Los ajustes manuales como la velocidad de obturaci\u00f3n, ISO, balance de blancos y compensaci\u00f3n de exposici\u00f3n, y funciones avanzadas como un histograma de imagen y una superposici\u00f3n de asistencia de exposici\u00f3n \u00abcebra\u00bb, se pueden personalizar y visualizar f\u00e1cilmente abriendo los ajustes con el bot\u00f3n de las gafas de la cabina.<\/p>\n<p>INMERSI\u00d3N AL SERVICIO DE LA EXPLORACI\u00d3N: DOS NUEVOS PRESETS DE VUELO<br \/>\nDos nuevos ajustes preestablecidos de vuelo se unen al emocionante men\u00fa de opciones de ANAFI, dise\u00f1ado para ayudar a los pilotos de todos los niveles a capturar videos impresionantes con facilidad. Disponible en FreeFlight 6.6, las nuevas incorporaciones permiten a los pilotos ANAFI FPV expandir su creatividad con solo tocar una pantalla t\u00e1ctil.<\/p><\/div>\n<div class=\"translate-icons\"><\/div>\n<div class=\"translate-icons\">Preajuste cinematogr\u00e1fico<br \/>\nCon el ajuste preestablecido Cinem\u00e1tico, puede capturar im\u00e1genes fluidas y dram\u00e1ticas que parecen estar detr\u00e1s de los controles de un planeador. El eje horizontal de la c\u00e1mara 4K HDR est\u00e1 bloqueado en la inclinaci\u00f3n del dron, y las im\u00e1genes muestran cada majestuoso banco y giro en su vuelo.<\/p>\n<p>Preestablecido de carreras<br \/>\nMientras que el ajuste preestablecido Cinematic est\u00e1 dise\u00f1ado para un movimiento estable y fluido, \u00a1el ajuste preestablecido Racing har\u00e1 que tu adrenalina se acelere! El eje horizontal tambi\u00e9n est\u00e1 bloqueado en la inclinaci\u00f3n de su dron, pero este ajuste preestablecido est\u00e1 construido para la velocidad en lugar de la suavidad: sus videos tendr\u00e1n un aspecto m\u00e1s agresivo cuando ANAFI se balancee y se mueva por el aire a alta velocidad.<\/p>\n<p>NUEVAS AVENTURAS CON FREEFLIGHT 6.6 NUEVAS CARACTER\u00cdSTICAS<br \/>\nJunto con el lanzamiento de ANAFI FPV, FreeFlight 6.6 tambi\u00e9n presentar\u00e1 dos nuevos modos de vuelo revolucionarios. Ambos est\u00e1n dise\u00f1ados para controles de vuelo simples e intuitivos, y se pueden usar en combinaci\u00f3n con los ajustes preestablecidos de vuelo para hacer que las im\u00e1genes asombrosas sean a\u00fan m\u00e1s f\u00e1ciles de capturar.<\/p>\n<p>Modo arcade<\/p>\n<p>En el modo Arcade, volar es tan simple como apuntar la c\u00e1mara en la direcci\u00f3n correcta. El joystick izquierdo del Skycontroller 3 controla la c\u00e1mara, lo que le permite ver en cualquier direcci\u00f3n, mientras que el joystick derecho controla el movimiento del dron. Manteniendo el joystick derecho hacia adelante, el dron viajar\u00e1 en la direcci\u00f3n en la que apunta la c\u00e1mara.<\/p>\n<p>ANAFI FPV EL COMPA\u00d1ERO DE VIAJE PERFECTO<br \/>\nCon el nuevo ANAFI FPV se incluye una nueva mochila ANAFI, que funciona como una plataforma estable para preparar y lanzar su dron justo frente a usted. Eso significa que ya no necesita dejar su dron en pendientes cubiertas de nieve, barro y tierra o terrenos accidentados mientras se prepara para el lanzamiento.<\/p><\/div>\n","protected":false},"excerpt":{"rendered":"<p>Drone parrot anafi fpv con todo incluido para volar.<\/p>\n","protected":false},"featured_media":341,"comment_status":"open","ping_status":"closed","template":"","meta":[],"product_brand":[],"product_cat":[17],"product_tag":[41,30,40],"class_list":{"0":"post-330","1":"product","2":"type-product","3":"status-publish","4":"has-post-thumbnail","6":"product_cat-drones","7":"product_tag-anafi","8":"product_tag-dron","9":"product_tag-parrot","11":"first","12":"instock","13":"shipping-taxable","14":"purchasable","15":"product-type-simple"},"jetpack_sharing_enabled":true,"_links":{"self":[{"href":"https:\/\/geocapa.com\/tienda\/wp-json\/wp\/v2\/product\/330","targetHints":{"allow":["GET"]}}],"collection":[{"href":"https:\/\/geocapa.com\/tienda\/wp-json\/wp\/v2\/product"}],"about":[{"href":"https:\/\/geocapa.com\/tienda\/wp-json\/wp\/v2\/types\/product"}],"replies":[{"embeddable":true,"href":"https:\/\/geocapa.com\/tienda\/wp-json\/wp\/v2\/comments?post=330"}],"wp:featuredmedia":[{"embeddable":true,"href":"https:\/\/geocapa.com\/tienda\/wp-json\/wp\/v2\/media\/341"}],"wp:attachment":[{"href":"https:\/\/geocapa.com\/tienda\/wp-json\/wp\/v2\/media?parent=330"}],"wp:term":[{"taxonomy":"product_brand","embeddable":true,"href":"https:\/\/geocapa.com\/tienda\/wp-json\/wp\/v2\/product_brand?post=330"},{"taxonomy":"product_cat","embeddable":true,"href":"https:\/\/geocapa.com\/tienda\/wp-json\/wp\/v2\/product_cat?post=330"},{"taxonomy":"product_tag","embeddable":true,"href":"https:\/\/geocapa.com\/tienda\/wp-json\/wp\/v2\/product_tag?post=330"}],"curies":[{"name":"wp","href":"https:\/\/api.w.org\/{rel}","templated":true}]}}