{"id":241,"date":"2021-03-15T22:06:16","date_gmt":"2021-03-15T22:06:16","guid":{"rendered":"https:\/\/geocapa.com.mx\/tienda\/?post_type=product&#038;p=241"},"modified":"2022-09-08T01:56:56","modified_gmt":"2022-09-08T01:56:56","slug":"dji-mini-2-single-drone","status":"publish","type":"product","link":"https:\/\/geocapa.com\/tienda\/producto\/dji-mini-2-single-drone\/","title":{"rendered":"DJI Mini 2 single drone"},"content":{"rendered":"<p>el nuevo Mini 2 es\u00a0<strong>un sucesor del DJI Mavic Mini original<\/strong>. Las diferencias principales tienen que ver con sus mejoras en capacidades de vuelo y motores m\u00e1s potentes. Por otro lado, mejora su captura de imagen as\u00ed c\u00f3mo la transmisi\u00f3n de datos en directo para que la conexi\u00f3n sea m\u00e1s fiable. Veamos qu\u00e9 trae.<\/p>\n<p>&nbsp;<\/p>\n<p>En lo que a fotograf\u00eda se refiere,\u00a0<strong>el DJI Mini 2 cuenta con un sensor de 12 megap\u00edxeles con un tama\u00f1o de 1\/2,3 pulgadas.<\/strong>\u00a0Este es capaz de grabar v\u00eddeo en 4K a 30 FPS y 100 Mbps, puede tomar im\u00e1genes en RAW y est\u00e1 montado sobre un estabilizador de tres ejes que asegura la estabilidad del v\u00eddeo en todo momento.<\/p>\n<p>Esta c\u00e1mara, como es habitual en la marca,\u00a0<strong>est\u00e1 acompa\u00f1ado de diversos modos de grabaci\u00f3n preconfigurados<\/strong>. Entre ellos se incluyen\u00a0<em>dronie<\/em>, espiral, cohete, \u00f3rbita y\u00a0<em>boomerang<\/em>. Tambi\u00e9n cuenta con diversos modos de fotograf\u00eda panor\u00e1mica y es capaz de tomar im\u00e1genes en HDR \u2013lo que resulta de utilidad en escenarios a contraluz<\/p>\n","protected":false},"excerpt":{"rendered":"<p>Nuevo modelo y practico MINI 2 ideal para llevar a todos lados. Env\u00edo a todo M\u00e9xico.<\/p>\n","protected":false},"featured_media":249,"comment_status":"open","ping_status":"closed","template":"","meta":[],"product_brand":[],"product_cat":[17],"product_tag":[32,35,34],"class_list":{"0":"post-241","1":"product","2":"type-product","3":"status-publish","4":"has-post-thumbnail","6":"product_cat-drones","7":"product_tag-dji","8":"product_tag-dji-mini","9":"product_tag-mini-dron","11":"first","12":"instock","13":"sale","14":"shipping-taxable","15":"purchasable","16":"product-type-simple"},"jetpack_sharing_enabled":true,"_links":{"self":[{"href":"https:\/\/geocapa.com\/tienda\/wp-json\/wp\/v2\/product\/241","targetHints":{"allow":["GET"]}}],"collection":[{"href":"https:\/\/geocapa.com\/tienda\/wp-json\/wp\/v2\/product"}],"about":[{"href":"https:\/\/geocapa.com\/tienda\/wp-json\/wp\/v2\/types\/product"}],"replies":[{"embeddable":true,"href":"https:\/\/geocapa.com\/tienda\/wp-json\/wp\/v2\/comments?post=241"}],"wp:featuredmedia":[{"embeddable":true,"href":"https:\/\/geocapa.com\/tienda\/wp-json\/wp\/v2\/media\/249"}],"wp:attachment":[{"href":"https:\/\/geocapa.com\/tienda\/wp-json\/wp\/v2\/media?parent=241"}],"wp:term":[{"taxonomy":"product_brand","embeddable":true,"href":"https:\/\/geocapa.com\/tienda\/wp-json\/wp\/v2\/product_brand?post=241"},{"taxonomy":"product_cat","embeddable":true,"href":"https:\/\/geocapa.com\/tienda\/wp-json\/wp\/v2\/product_cat?post=241"},{"taxonomy":"product_tag","embeddable":true,"href":"https:\/\/geocapa.com\/tienda\/wp-json\/wp\/v2\/product_tag?post=241"}],"curies":[{"name":"wp","href":"https:\/\/api.w.org\/{rel}","templated":true}]}}